{"id":137,"date":"2024-02-04T00:06:55","date_gmt":"2024-02-04T00:06:55","guid":{"rendered":"https:\/\/www.m\u00fcnchen-nachlassankauf.de\/?page_id=137"},"modified":"2024-02-04T02:07:11","modified_gmt":"2024-02-04T02:07:11","slug":"uber-uns","status":"publish","type":"page","link":"https:\/\/www.m\u00fcnchen-nachlassankauf.de\/?page_id=137","title":{"rendered":"\u00dcber uns"},"content":{"rendered":"<p><b><span class=\"lh-1 font-size-30 m-font-size-16\" data-inject=\"contactMax-pageDescription\"><img loading=\"lazy\" decoding=\"async\" class=\"alignnone wp-image-64 alignright\" src=\"https:\/\/www.m\u00fcnchen-nachlassankauf.de\/wp-content\/uploads\/2024\/01\/Andreas.webp\" alt=\"\" width=\"220\" height=\"293\" srcset=\"https:\/\/www.m\u00fcnchen-nachlassankauf.de\/wp-content\/uploads\/2024\/01\/Andreas.webp 1920w, https:\/\/www.m\u00fcnchen-nachlassankauf.de\/wp-content\/uploads\/2024\/01\/Andreas-225x300.webp 225w, https:\/\/www.m\u00fcnchen-nachlassankauf.de\/wp-content\/uploads\/2024\/01\/Andreas-768x1024.webp 768w, https:\/\/www.m\u00fcnchen-nachlassankauf.de\/wp-content\/uploads\/2024\/01\/Andreas-1152x1536.webp 1152w, https:\/\/www.m\u00fcnchen-nachlassankauf.de\/wp-content\/uploads\/2024\/01\/Andreas-1536x2048.webp 1536w\" sizes=\"auto, (max-width: 220px) 100vw, 220px\" \/>Haben Sie Fragen zu unseren Produkten oder zu unseren Dienstleistungen? Unser kompetentes Team ist gerne f\u00fcr Sie da. F\u00fcllen Sie einfach das Kontaktformular aus, und wir setzen uns zeitnah mit Ihnen in Verbindung. Nat\u00fcrlich k\u00f6nnen Sie uns auch telefonisch oder \u00fcber\u00a0<span style=\"color: #99cc00;\">Whatsapp<\/span>\u00a0erreichen.<\/span><\/b><\/p>\n","protected":false},"excerpt":{"rendered":"<p>Haben Sie Fragen zu unseren Produkten oder zu unseren Dienstleistungen? Unser kompetentes Team ist gerne f\u00fcr Sie da. F\u00fcllen Sie einfach das Kontaktformular aus, und wir setzen uns zeitnah mit Ihnen in Verbindung. Nat\u00fcrlich k\u00f6nnen Sie uns auch telefonisch oder \u00fcber\u00a0Whatsapp\u00a0erreichen.<\/p>\n","protected":false},"author":1,"featured_media":0,"parent":0,"menu_order":0,"comment_status":"closed","ping_status":"closed","template":"","meta":{"_acf_changed":false,"footnotes":""},"class_list":["post-137","page","type-page","status-publish","hentry"],"acf":[],"aioseo_notices":[],"_links":{"self":[{"href":"https:\/\/www.m\u00fcnchen-nachlassankauf.de\/index.php?rest_route=\/wp\/v2\/pages\/137","targetHints":{"allow":["GET"]}}],"collection":[{"href":"https:\/\/www.m\u00fcnchen-nachlassankauf.de\/index.php?rest_route=\/wp\/v2\/pages"}],"about":[{"href":"https:\/\/www.m\u00fcnchen-nachlassankauf.de\/index.php?rest_route=\/wp\/v2\/types\/page"}],"author":[{"embeddable":true,"href":"https:\/\/www.m\u00fcnchen-nachlassankauf.de\/index.php?rest_route=\/wp\/v2\/users\/1"}],"replies":[{"embeddable":true,"href":"https:\/\/www.m\u00fcnchen-nachlassankauf.de\/index.php?rest_route=%2Fwp%2Fv2%2Fcomments&post=137"}],"version-history":[{"count":4,"href":"https:\/\/www.m\u00fcnchen-nachlassankauf.de\/index.php?rest_route=\/wp\/v2\/pages\/137\/revisions"}],"predecessor-version":[{"id":139,"href":"https:\/\/www.m\u00fcnchen-nachlassankauf.de\/index.php?rest_route=\/wp\/v2\/pages\/137\/revisions\/139"}],"wp:attachment":[{"href":"https:\/\/www.m\u00fcnchen-nachlassankauf.de\/index.php?rest_route=%2Fwp%2Fv2%2Fmedia&parent=137"}],"curies":[{"name":"wp","href":"https:\/\/api.w.org\/{rel}","templated":true}]}}